 -i - 1479, -3*p = 2*i - 4425. What is the thousands digit of p?
1
Let o be 3 + 9*(-4)/6. Let d be 3/((3/5)/((-12)/30)). What is the units digit of (-33)/d*(-4)/o?
2
Suppose -14 = -21*q - 14. Let a(g) = -g**3 + 4*g**2 - 3*g + 2. Let z be a(3). Suppose q = -b - c + 14, -2*b - z*c = -b - 15. What is the tens digit of b?
1
Let p(x) be the third derivative of -11/6*x**3 + 0 + 1/4*x**4 - 2*x**2 + 0*x. What is the units digit of p(6)?
5
Suppose 2775 = 328*v - 327*v. What is the tens digit of v?
7
Let g(r) = -9*r - 6. Let h be g(-4). Let x = -18 + h. Suppose -5*j + x + 23 = 0. What is the units digit of j?
7
Let o = -122 + 314. Suppose -o = -3*v + 45. What is the tens digit of v?
7
Suppose 13*p = 31*p - 9828. What is the tens digit of p?
4
Suppose -5*x + 20 = 3*q - q, -5*x + 20 = 4*q. Suppose -3*w + 2*w + 3 = q, -r = 3*w - 48. What is the units digit of r?
9
Suppose -3*g + 7221 = 26*t - 29*t, 0 = -g + 3*t + 2397. What is the tens digit of g?
1
Let w(z) = -5*z**2 - 120. Let h(c) = -14*c**2 - 361. Let a(f) = -4*h(f) + 11*w(f). What is the units digit of a(0)?
4
Let n(c) = -3*c. Let j be n(2). Let d be (j - -3) + (2 - -14). Suppose -5*k - 16 = -3*i - k, -5*k - d = -2*i. What is the units digit of i?
4
What is the hundreds digit of ((-14)/105*-9)/((-6)/(-730))?
1
Let g(f) = 5*f + 4. Let u = -75 + 105. Suppose 0 = -3*b - 5*a - 14, 0 = -5*b - 0*b + 5*a + u. What is the tens digit of g(b)?
1
Let y = 478 - 65. What is the tens digit of y?
1
What is the hundreds digit of 4/(-5) - 34493/(-85)?
4
Let q(m) be the first derivative of 27*m**5/20 - m**4/12 + m**3/6 + m + 4. Let d(n) be the first derivative of q(n). What is the tens digit of d(1)?
2
Let q(w) = w + 1 - 9*w + 2 - 1. Let a(p) = -2*p**2. Let d be a(-1). What is the tens digit of q(d)?
1
Suppose 10*o - 9*o - 5 = 0. Suppose o*x - 2*w = -156, -29 - 70 = 3*x - 3*w. Let y = x - -64. What is the units digit of y?
4
Let w(u) = u**2 + 4*u + 3. Let q(z) = -z**2 + 8*z + 18. Let o be q(10). Let g = -6 - o. What is the units digit of w(g)?
3
Let i(z) = z**3 + 7*z**2 + 4. Let h be i(-7). Suppose -o + 5*d = -50, 4*d - 3*d = -h*o + 95. What is the units digit of ((-120)/o)/((-6)/40)?
2
Let t be 114/30 + 3/15. Suppose -2*d = t*m - 3*d - 317, -4*m - 4*d + 332 = 0. What is the units digit of m?
0
Suppose -m + d - 3*d = -96, m + 4*d = 104. Suppose -5*z - m = -9*z. Let p = z + -4. What is the units digit of p?
8
Let r(q) = q**2 + 2*q + 1. Let m be r(-3). Let z(v) = -v**3 - 4*v**2 + 2*v - 7. Let i be z(-7). Suppose m*c - i = -2*c. What is the units digit of c?
1
Let k = 12 - 7. Let u be 1*12*(k - 7). What is the tens digit of -1*(-2 + -3 + u)?
2
Suppose 16*w - 15*w - 5 = 0. Suppose 0 = w*k - 161 - 49. What is the units digit of k?
2
Let l(u) = 7*u**2 + 24*u - 22. Let b(a) = 10*a**2 + 36*a - 33. Let z(o) = -5*b(o) + 7*l(o). Let c be z(-13). What is the tens digit of 44 - (-3 - -1)/c?
4
Suppose 3*u - 5*i + 16 = 0, -7*u = -3*u + 3*i - 27. Suppose 5*j + u*q - 924 = 0, 10*q - 380 = -2*j + 14*q. What is the units digit of j?
6
Suppose 1200 = o - 5*w, 5*o = -2*w + 7*w + 6000. What is the hundreds digit of o?
2
Let w = -17 - -8. Let v(t) = -t**3 - 10*t**2 - 14*t - 5. Let f be v(w). Suppose 2*b = -2*b + 5*h + 55, 3*b - 5*h = f. What is the units digit of b?
5
Let k = -146 - -2037. What is the hundreds digit of k?
8
Suppose 5*c = -2*r - 0*r - 19, c + 2 = -r. Let t(z) = z**2 + z. Let d be t(0). Suppose d*m + 69 = r*m. What is the tens digit of m?
2
Suppose -3 = 6*c - 75. Let s(a) = -6*a - 13*a**3 + 14*a**3 - 2*a - c + 7*a**2. What is the tens digit of s(-6)?
7
Let u be (4/10)/((-10)/(-150)). Let z be ((u - 4) + -2)/(-2). Suppose 0 = -4*d + h - z*h + 28, 2*d = -5*h - 8. What is the units digit of d?
6
Let k(y) = 32*y**3 - 4*y**2 + 5*y. Let o be k(2). Let b = 358 - o. What is the hundreds digit of b?
1
Let z(d) = -49*d + 4. What is the tens digit of z(-14)?
9
Let q(y) = -12*y - 9. Let j be q(-5). Let s = j + -5. What is the units digit of s?
6
Let z(l) = -90*l - 55. What is the tens digit of z(-3)?
1
Suppose -n + 2*i + 16 = 0, -3*n + 5*i + 29 + 18 = 0. Let z be 5*(0 - -1)/1. Suppose 5*r = 3*a + n, a + 0*r + z*r = 22. What is the units digit of a?
2
Suppose -14428 + 2052 = -14*o. What is the hundreds digit of o?
8
Suppose -2*q - 2*z + 0*z = -50, -4*q - z + 97 = 0. Let r be 7 - (4 - (0 + 2)). Suppose -2*k = -r*k + q. What is the units digit of k?
8
Suppose -3*y = 3*p - 5*y - 16, 0 = 2*y - 8. Let t(n) = -2*n**3 + 18*n**2 - 3*n + 7. What is the tens digit of t(p)?
1
Suppose 0 = 6*w + 9*w - 2475. What is the units digit of w?
5
Let g = 258 + 174. Suppose -13 = -5*v + g. Suppose 6*i - 7 = v. What is the tens digit of i?
1
Let w(l) = l**3 + 3*l**2 + l. Let x be w(-2). What is the tens digit of (-2030)/(-25) - x/10?
8
Let d(s) = s**3 - 7*s**2 + 5*s. Let n be d(6). What is the units digit of (-3 + n/(-4))*-24?
6
Let j = 3362 + 1234. What is the hundreds digit of j?
5
Let p = -53 + 58. Suppose 5*v + p - 25 = 0. What is the units digit of v?
4
Let l(b) = -19*b**3 - b**2 + 28*b + 59. What is the thousands digit of l(-6)?
3
Suppose -6372 = -17*i + 5*i. What is the hundreds digit of i?
5
Let p = 8 + -20. Let y = p + 25. What is the tens digit of y?
1
Suppose 0 = m + m. Suppose -2*w - 4*b = -m*w - 100, 5*b = -w + 38. What is the tens digit of w?
5
Suppose 0 = 2*d + 4*f + 1 - 15, -5*d - f - 10 = 0. Let g(a) = -2*a + 1. Let q be g(d). Let z(u) = u + 8. What is the units digit of z(q)?
5
Let n be ((-20)/(-8))/(15/36). Suppose n + 1 = -2*o + 3*c, -2*o - 10 = -4*c. What is the units digit of o?
1
Let o = 180 + 155. What is the units digit of o?
5
Let o(y) = y**3 + 7*y**2 - 3*y + 2. Let i be o(-6). Suppose 0 = 3*x - i - 25. Let p = x - -2. What is the tens digit of p?
2
Let p = -12 + 14. Let b be (p - -1)*11/3. Suppose 3*m - 12 = 2*a + b, 25 = 4*m + 3*a. What is the units digit of m?
7
Let s be (126*1)/((-12)/(-112)). Suppose 0 = -32*c + 26*c + s. What is the units digit of c?
6
Suppose a + 3 = -0. What is the tens digit of -1*(4 + a)*-71?
7
Let k = 298 - 151. What is the units digit of k?
7
Let k = 691 + -447. What is the units digit of k?
4
Let w(n) = 104*n**2. Let c be w(-1). Suppose -c = -2*g + 5*i - 0*i, -5*g - 4*i + 227 = 0. What is the units digit of g?
7
Suppose -1 = 2*h - 7. Suppose -5*n = h*x + 2*x, -4*n = -5*x - 45. Suppose 0 = -5*z + 3*u + 209, -3*u - 129 = -n*z + 2*z. What is the units digit of z?
0
Let h(p) = -p + 8 + p - 5*p + 4*p. Let g be h(8). Let k = g + 39. What is the tens digit of k?
3
Let v = 400 - 284. What is the units digit of v?
6
Suppose -d - 6 = -2*x, 4*x - 21 = d - 7. Let l be (5/(-3))/(x/(-36)). Suppose -r - l = -6*r. What is the units digit of r?
3
Let f(h) = -h**2 + 10*h - 14. Let a(g) = -3*g + 26. Let b be a(6). Let y be f(b). Suppose -6*i - y*i = -224. What is the tens digit of i?
2
Let h(m) = -m**2 - 8*m + 10. Let n(g) = g**3 + 6*g**2 - 6*g - 1. Let z = -24 - -17. Let y be n(z). What is the units digit of h(y)?
0
Let s = 601 - 208. What is the units digit of s?
3
Let v be (-75)/(-10) - 4/(-8). Let t = -8 + v. Suppose -3*o + t*j = -4*j - 113, -2*o + 5*j + 80 = 0. What is the tens digit of o?
3
Suppose 4*b = -3 + 11. Suppose 3*a - b*a = 15. What is the units digit of a?
5
Suppose h = -23 + 121. Suppose -7*z = -0*z - h. Suppose 11 = a - 4*i - z, 0 = -i - 1. What is the tens digit of a?
2
Suppose a = -4 - 3. Let l(u) = -u**2 - 9*u - 11. Let m be l(a). Suppose m*c - 107 = -x, 0 = 2*c - 3*x - 38 - 15. What is the units digit of c?
4
Suppose -u + 136 = 50. Suppose 54 + u = 2*p. What is the units digit of p?
0
Let q = -587 + 980. What is the hundreds digit of q?
3
What is the units digit of 3/((-60)/5192)*(-5)/2?
9
Suppose 19*p - 17*p = 6. Suppose p*q - 184 = -j, 5*j = 4*q - 2*q + 852. What is the tens digit of j?
7
Suppose 4 = 2*s, 3*i - 4 = -s + 4. Let u be (0 - -2)/1 + -2. Suppose -i*c + 8 + 20 = u. What is the tens digit of c?
1
Suppose -14*u = -45*u + 44547. What is the units digit of u?
7
Let s = 37 - 37. Suppose -z + s*j = 3*j - 9, -z + 9 = -3*j. What is the units digit of z?
9
Suppose 4*h - 15 = -3*y, 0 = -y - 0*h + 2*h + 15. Let q(t) = t**3 - 8*t**2 - 3*t - 11. What is the tens digit of q(y)?
4
Suppose 3*b - 3 + 0 = 0. Suppose b = -v + 5. Let h = v + 1. What is the units digit of h?
5
Suppose 0 = j - 2*g - 1, -3*g =